 -1 - (-3)/2 - (-294)/4. Suppose 14*n = 12*n + l. What is the tens digit of n?
3
Let i(x) be the third derivative of -x**5/60 + x**4/2 + 2*x**3 + x**2. Suppose -7*f = -3*f - 36. What is the units digit of i(f)?
9
Let l(b) = -4*b**3 - 4*b**2 + 2*b + 12. What is the hundreds digit of l(-4)?
1
What is the tens digit of (-5)/2*(-718)/5?
5
Suppose 14240 = 8*s - 3*s. What is the thousands digit of s?
2
Let r = 888 + -825. What is the tens digit of r?
6
Suppose 13*a = 2038 + 1368. What is the hundreds digit of a?
2
Let b = 40 + -36. What is the units digit of (-408)/(-48) + (-2)/b?
8
Let i be -3 + 188*3 - 0. Suppose 3*f = -4*s + i, -5*s - 3*f + f = -703. What is the hundreds digit of s?
1
Suppose 3*l - 98 = 73. Let z be 0/1 + (-29)/(-1). Suppose 2*q - l = -o, -3*q + 2*o + z = -46. What is the units digit of q?
7
Let k be 0 - (-2 + (-12)/(-2)). Let t be (11 - -1)*(-2)/k. What is the tens digit of (t + -5)*(1 + 28)?
2
Suppose 15 = -5*b - 0*b. Suppose 3*q = -q + 88. Let o = b + q. What is the tens digit of o?
1
Suppose 0 = 2*i + 5*u - 4142 - 234, -i - 3*u = -2189. What is the hundreds digit of i?
1
Suppose f + 2*f - 2*h - 40 = 0, -f + 25 = -3*h. What is the units digit of -98*(0 + (-5)/f)?
9
Let t(r) = 2*r**3 + 15*r**2 + 6*r - 7. Let o be t(-7). Suppose 10*l - 9*l - 131 = o. What is the units digit of l?
1
Suppose 33*h - 109*h + 182096 = 0. What is the thousands digit of h?
2
Let d(j) = -j**2 + 10*j + 3. Let o be d(10). Suppose 4*f - 140 = -2*x, -23 + 220 = 5*f - o*x. What is the units digit of f?
7
Suppose 46*g = 37*g + 17658. What is the thousands digit of g?
1
Suppose s = -3*s + 12. Suppose 3*k = s*r - r - 62, -5*k = r - 18. What is the tens digit of r?
2
What is the units digit of 9/(-3) - (-17 + -1610)?
4
What is the tens digit of (-2114)/(-49)*(-14)/(-4)?
5
Suppose -7*k = 23 - 58. Suppose 175 = k*g + 75. What is the tens digit of g?
2
Let v = -41 - -26. Let s = 19 + -41. Let q = v - s. What is the units digit of q?
7
Let z(s) = -s**3 - 3*s**2 + 3*s + 21. What is the tens digit of z(-7)?
9
Let s be (-9)/9*-5*1. Suppose 3*x - j + 20 = 3*j, -25 = x - s*j. What is the units digit of x + (12/(-4) - -21)?
8
Let u(v) = 3*v**2 - 4*v - 18. Suppose 2*q + 2*b = -2 + 20, -5*b - 3 = -3*q. What is the tens digit of u(q)?
6
Let y(g) = 4*g - 11. Let u = 6 - -3. Let m be u/(-5)*(1 + -6). What is the units digit of y(m)?
5
Let n(t) be the first derivative of -t**2 + 3*t - 9. What is the tens digit of n(-8)?
1
Let k = -27 - -39. Suppose 4*i - 4*n = -k, 3*i + 4*n = 4*i + 18. Suppose 0 = -2*c - i*c + 64. What is the tens digit of c?
1
Let l(s) = -3*s + 4. Let k be l(-5). Suppose 5*c + 1 + k = 0. What is the units digit of 2/(-2*c/16)?
4
Let m = 102 + -100. What is the units digit of 253/m - 13/26?
6
Let j(u) = -u - 6. Let a be j(-10). Suppose 42 = a*m - 50. What is the tens digit of m?
2
Let b be (-149)/(-4) - (-1)/(-4). Suppose 5*r - 60 = -2*z, 2*z - z - b = r. Suppose 3*f = w + f - z, -2*w = -3*f - 66. What is the tens digit of w?
2
Suppose -4*f + 4*r = -592, -f + 5*r = r - 133. What is the tens digit of f?
5
Let s(r) = r**3 - 11*r**2 - 2*r + 7. Let u be s(11). Let b be (-5)/u - (-34)/6. What is the units digit of 28/b*(2 - -1)?
4
Suppose -3*i - 786 = -4*i. What is the units digit of i?
6
Suppose 2*z + 2 - 10 = 0. Let u(k) = -k**3 - 8*k**2 - 3*k - 20. Let g be u(-8). Suppose 2*j - 23 = j - 4*h, -g*h - 32 = -z*j. What is the units digit of j?
1
Let o be (28/(-20) - -1)*30. Let t = 134 + o. What is the tens digit of t?
2
Let y(w) = 5*w + 13. Let a be y(-9). What is the units digit of ((-8)/a)/(2/248 + 0)?
1
Let f = 155 - 23. What is the units digit of f?
2
Let h(y) be the first derivative of -y**3/3 + 3*y**2/2 + 3. Let x be h(3). Suppose -5*o + 25 = -x*o, 0 = 4*k - o - 43. What is the units digit of k?
2
Suppose 5*v + 51 + 24 = 0. What is the units digit of v/20 + 646/8?
0
Let c(o) = 11*o + 3*o + 1 + 0. Let d be c(1). What is the tens digit of d + (2 - -1 - 3)?
1
Suppose 0 = -p - p + 806. Suppose 2*t = 5*a - 0*t - p, 5*a - 4*t - 411 = 0. What is the units digit of a?
9
Let j(f) = f**3 + 6*f**2 + 5*f - 15. Let n(r) = 2*r**2 + 2*r - 5. Let x(p) = -3*j(p) + 8*n(p). What is the units digit of x(-3)?
5
Let s(z) = -16*z - 1. Let d(y) = y**3 - 10*y**2 + y - 7. Let t be d(10). Let a be s(t). Let c = -29 - a. What is the tens digit of c?
2
Let f = -20 - -956. What is the tens digit of f?
3
Suppose 0 = o + 5*n - 16, 5 = 4*o + 5*n - 14. Let w(l) = -10*l - 11. Let u be w(-2). Let s = u - o. What is the units digit of s?
8
What is the units digit of ((18/(-4))/(-9))/((-5)/(-900))?
0
Suppose 2*l - 14 = 8. Suppose -971 = -l*z + 107. What is the units digit of z?
8
Let o be (-17)/5 + (-8)/(-20). What is the tens digit of o/(5/(-55) + 0)?
3
Suppose -2*g + g = 5*w - 57, -3*g = -3*w - 117. What is the tens digit of g?
4
Suppose -3*b = -5*d - 26 - 593, -5*b + 965 = 5*d. What is the units digit of b?
8
Let j be (0 + 2)/(-1 - 1). Let u(z) be the third derivative of 2*z**5/15 + z**4/24 + 5*z**2. What is the units digit of u(j)?
7
Let g(j) = j**2 + 15*j - 98. What is the units digit of g(-25)?
2
Let d(c) = 26*c**2 + 18*c + 83. What is the units digit of d(-10)?
3
Suppose 2*k + 816 = 4*x + 4*k, 0 = 2*x + 5*k - 416. What is the tens digit of x?
0
Suppose -3*p + 25 = 2*p. Suppose 2*n = 2*a + 6, 8*n - 3*n + 5*a + p = 0. What is the units digit of (1/3)/(n/93)?
1
Suppose 3289 = 27*o - 14*o. What is the hundreds digit of o?
2
Let w be (-7956)/(-63) + (-2)/7 - -3. Suppose 2*s = -4*q - 0*s + 282, -2*q = 5*s - w. What is the tens digit of q?
7
Let t = 1 + -5. Let z(q) = -1. Let f(r) = 6*r + 6. Let x(d) = -f(d) - 4*z(d). What is the tens digit of x(t)?
2
Let u = -558 - -1002. What is the tens digit of u?
4
Suppose -11*f + 39*f = 111524. What is the thousands digit of f?
3
Let x be (-6)/(-4)*(-5 - (-11)/3). What is the units digit of (-2 - ((-39)/9 - x))*117?
9
Let t(u) = -u**3 + 8*u**2 + u - 2. Let g be t(8). Let v be (-4 - -2) + 4/2. Suppose v = -10*a + 11*a - g. What is the units digit of a?
6
Suppose 0 = 3*i + 9*i - 8760. What is the hundreds digit of i?
7
Let n = -43 - -71. Suppose 5*y + 1 - 32 = r, -2*r - 3*y = 23. Let d = n + r. What is the tens digit of d?
1
Let h(c) = 5*c**2 + 7*c - 13. Let n be h(2). Let u(q) = -q**3 + 3*q**2 + 6*q - 5. Let o be u(4). Suppose n = o*y - 0*y. What is the units digit of y?
7
Let c(a) = 9*a + 29. Let i be c(-2). Let s(p) = p**2 + 25 - 7*p - 10 - 4*p. What is the tens digit of s(i)?
1
Suppose -62 = 2*s - 166. Suppose 3*a = -56 - s. Let l = a - -66. What is the tens digit of l?
3
Suppose 459 = 16*p - 12*p - 3*z, 3*z = -3. What is the hundreds digit of p?
1
Suppose 2*p - 6 = 2*s + 4*p, 0 = 3*s + 5*p + 13. What is the tens digit of 0 + (-2 - -60) - s?
5
Let a = -35 + 37. Suppose -3*x - 2*x = -h, h - 9 = a*x. What is the tens digit of h?
1
Suppose -9*w = -4*w - 3*c - 256, -3*c = -2*w + 106. What is the tens digit of w?
5
What is the hundreds digit of (-180)/36 - -1*817?
8
Suppose u - 3*z - 541 = 0, 2*u - 6*z - 1078 = -2*z. What is the hundreds digit of u?
5
Suppose -2*g - 3*j = -145, -2*j + 3*j = 2*g - 133. Let s = g - 19. What is the tens digit of s?
4
Let x(r) be the third derivative of r**4/3 + r**3/6 - 2*r**2. Let b be x(1). What is the units digit of (-21)/(b/(-3)) + 2?
9
Let z(j) = -j**3 + 17*j**2 + 7*j + 1. Let k be (102/(-9))/((-2)/3). Let s be z(k). Suppose -4*g + s = 2*g. What is the tens digit of g?
2
Let g = 25 - -137. Suppose d = 7*d - g. Suppose 0 = 5*n - 78 - d. What is the tens digit of n?
2
Suppose 196*b + 11244 = 200*b. What is the thousands digit of b?
2
Let y(u) be the second derivative of u**2 - 1/6*u**4 + 1/3*u**3 + 1/10*u**5 - 10*u + 0. What is the tens digit of y(3)?
4
What is the units digit of 453 - 9 - (-5 + -1)?
0
Let f = 31 - 30. Let v(w) = 42*w**3 - 2*w**2 + 2*w - 1. What is the tens digit of v(f)?
4
Let x = 3 - 4. Let l(h) = -250*h - 14. What is the units digit of l(x)?
6
Suppose 29 = -b + 1. Let x = b - -33. What is the units digit of x?
5
Let h be 0/(20/14 - 9/21). Let g(w) = 10*w - 6. Let f be g(6). Suppose h*x + f = 2*x. What is the units digit of x?
7
Suppose 0*y = -4*y + 16. Let h(p) = -p**3 - 13*p**2 - 4*p + 3. Let t(i) = -i**2. Let q(l) = y*t(l) - h(l). What is the units digit of q(-7)?
7
Let g be (-6)/15 + 34/10. Suppose 5*